 the highest common factor of 7 and g?
7
Suppose -l = -2*d + 35, -3*d + 10*l + 70 = 5*l. Calculate the greatest common divisor of d and 60.
15
Suppose 109 = i - o + 11, 2*i + o = 199. Calculate the greatest common divisor of 11 and i.
11
Suppose g - 21 = -2*g. Suppose 17 = 5*k + 2. Suppose 16 = g*s - k*s. What is the highest common divisor of 4 and s?
4
Let x(u) = 2*u - 1. Let q be x(3). Suppose -q*s = -0*s - 80. What is the greatest common divisor of s and 112?
16
Suppose g + m - 8 = 8, 4*m + 48 = 3*g. Calculate the greatest common factor of 24 and g.
8
Let d(c) = 2*c**2 - 9*c. Let w be d(9). Calculate the highest common factor of w and 27.
27
Let i = 59 - 29. Let y be -2 + (-3)/(-9)*3. Let c be ((-24)/(-10))/(y/(-5)). What is the greatest common divisor of c and i?
6
Let v = -13 - -15. Suppose -l + 23 = 5*t, -5*t - 4*l = -0*l - 17. Calculate the highest common divisor of v and t.
1
Suppose -l + 12 = -32. Suppose -l = -4*c + 4*j, -4*j = -5*c - 0*j + 59. Calculate the greatest common divisor of 10 and c.
5
Suppose 12 = 4*i + 2*x, -i - x + 2 = 1. Suppose 33 + 32 = i*l. Calculate the highest common factor of 52 and l.
13
Let c be 12/(-15)*25/(-2). What is the highest common divisor of 70 and c?
10
Let f be (-20)/((-2)/(3 + 1)). Let t be 3*(-2)/(-9)*15. Calculate the highest common factor of t and f.
10
Let g(o) = -2*o - 1. Let d be g(-4). Let x(r) = r - 2. Let v be x(d). Suppose q - v = 17. Calculate the greatest common divisor of 2 and q.
2
Let b(n) = -n**3 + 8*n**2 - 3*n + 6. Let g be b(8). Let x = g - -32. What is the greatest common factor of x and 7?
7
Let m = -111 - -136. Calculate the greatest common factor of 275 and m.
25
Let i(k) = -7*k - 19. Let q(h) = 3*h + 9. Let l(a) = 2*i(a) + 5*q(a). Let z be l(5). Let s = 25 - -23. What is the highest common factor of s and z?
12
Let j = -37 + 73. Let k be 9/(-6)*(0 + -6). Calculate the greatest common factor of k and j.
9
Let j = -179 - -259. What is the highest common divisor of 32 and j?
16
Let r(i) = 3*i - 3. Let q(u) = u**2 + u. Let g be q(-2). Let f be r(g). Let v be (15 - f)*2/4. What is the greatest common divisor of v and 48?
6
Suppose -6*w - 25 = -w, 3*r - 180 = 3*w. Calculate the highest common divisor of r and 22.
11
Suppose -r = 3*j + 3*r - 253, 0 = -3*j + 4*r + 221. Suppose j = 3*q - 26. Calculate the highest common divisor of 5 and q.
5
Let r(g) = 4*g**2 - 2*g. Let x be r(-3). Calculate the highest common divisor of 294 and x.
42
Let y(g) = -g**3 - 8*g**2 + 3*g + 2. Let x be y(-9). Calculate the highest common divisor of x and 140.
28
Let w = -9 - -12. Suppose 2 = -w*d + 62. Calculate the highest common divisor of 20 and d.
20
Let z be 12/(5*(-8)/(-60)). Suppose -2*n + 60 = 3*n. Calculate the greatest common factor of z and n.
6
Suppose i + 17 - 44 = 0. What is the greatest common divisor of i and 243?
27
Let x(o) = 2*o**2 + 5*o - 12. Let v be x(-5). Calculate the greatest common divisor of 117 and v.
13
Suppose -2*t + 27 = -13. Let v = 1 - -4. Calculate the highest common divisor of t and v.
5
Suppose 0 = -0*j + 3*j + 2178. Let q be 2/(-10) - j/30. What is the highest common factor of 16 and q?
8
Let c = 1 + -1. Let a be (-1 + c)/(3/(-6)). Suppose -3*w = -5*d + 11, -a*w + d = -1 - 1. What is the greatest common factor of 21 and w?
3
Let z(j) = 2*j**2 - j. Let x be z(-3). Calculate the highest common factor of 21 and x.
21
Let x be (-1)/(-2)*(0 - -12). Let w = 21 - 6. Let p = w + -9. Calculate the greatest common divisor of p and x.
6
Suppose 0 = 2*d + 4*s - 32, 6 + 3 = -3*s. Calculate the greatest common factor of d and 33.
11
Suppose 4*d - 80 = -5*v, 7*v - 80 = 2*v + 2*d. What is the greatest common divisor of 112 and v?
16
Let m = 8 + -5. Suppose 6*y = m*y + 42. Calculate the greatest common factor of y and 35.
7
Suppose 290 = 6*u - u. Let j = u + -34. Calculate the greatest common divisor of j and 16.
8
Let h be 1 - (6 + 0 + -2). Let v be (-1 + h)*114/(-8). Suppose 0 = -4*o + 21 + 55. Calculate the highest common divisor of o and v.
19
Let a(h) = 5*h - 4. Let p = -7 - -13. Suppose 0 = -3*l + 9, -p*v + v = l - 33. Let q be a(v). What is the greatest common divisor of 65 and q?
13
Let j(i) = -i**3 + 7*i**2 + 8. Let r be j(7). Suppose 4*s - 23 = 9. What is the highest common factor of s and r?
8
Suppose 4*i - 3*y = 48, 0*y = 3*y + 12. Calculate the greatest common factor of 63 and i.
9
Let k be (2 - 3)/(-1) + 1. Let j(b) = 2*b + 26. Let c be j(-11). Calculate the highest common divisor of c and k.
2
Suppose -5*h + 0 = -5. Suppose 4*j = 3*s - 9, -5*s + 9*s + 2*j = 34. Calculate the highest common factor of s and h.
1
Let d(g) = -2*g**3 - 4*g**2 - 3*g - 4. Let j be d(-2). What is the highest common factor of j and 10?
2
Suppose 2 - 4 = -2*s, 56 = 3*g + 2*s. Calculate the greatest common factor of 36 and g.
18
Let p = 61 - 17. Let r(m) = -m. Let l be r(-4). Calculate the highest common factor of l and p.
4
Suppose 0 = -0*q - 2*q + 10. Suppose -70 = -q*d + 5*n, 0 = -4*d + d - 3*n + 66. Calculate the greatest common divisor of d and 2.
2
Suppose -2*u - 2*b = -32, -3*u + 4 + 36 = -5*b. What is the greatest common divisor of u and 30?
15
Let s(r) = 14*r**2 - 1. Let d be s(-1). Suppose f + 0*f = d. Suppose -j = 4*j - 455. Calculate the highest common factor of f and j.
13
Let m be 176 - (4 + 0) - 4. Calculate the highest common factor of m and 24.
24
Let c(w) = -4 - 5*w + 2 - 2*w + 6 + 4*w**2. Let x be c(4). Suppose 0 = 4*o - 2*o - 20. What is the greatest common divisor of o and x?
10
Suppose 5*k - 4 - 6 = 0. Suppose -q - 36 = -k*q. Calculate the greatest common factor of 18 and q.
18
Suppose 11*b - 85 = 25. Calculate the greatest common factor of b and 70.
10
Let q be 14/(-91) - (-67)/13. Let o(z) = -z**2 + 8*z - 7. Let r be o(q). What is the highest common divisor of r and 64?
8
Let p be (2/4)/((-2)/(-52)). Let q = 480 - 467. What is the highest common factor of q and p?
13
Let k(w) = -7*w**2 + 2*w + 3. Let c(m) = 8*m**2 - 2*m - 3. Let t(d) = -6*c(d) - 7*k(d). Let x be t(8). Calculate the greatest common factor of 30 and x.
15
Let z(h) = 16*h - 5. Let f be z(-4). Let x = f - -109. Suppose -o = 4*g - 68, 6*o - 5*g - 230 = 2*o. What is the greatest common factor of x and o?
20
Let r be (-18)/12*(-4)/3. Suppose r*z = -0*z + 16. Calculate the highest common divisor of 64 and z.
8
Let g(z) = -z**2 - 8*z - 2. Let i be g(-6). Let a = -111 - -181. Calculate the highest common factor of i and a.
10
Let o(f) = 5*f - 18. Let i be o(5). Calculate the highest common factor of 1 and i.
1
Let k = 22 + 13. Calculate the greatest common divisor of k and 140.
35
Suppose 2*x = x + 5. Suppose -4*h + 14 = -6, 38 = y + x*h. What is the greatest common factor of y and 65?
13
Let c(i) = 5*i**2 + i. Let v be c(-1). Let g be 0/3 + 8/v. What is the greatest common factor of g and 16?
2
Let i = 7 - 15. Let v = -6 - i. Calculate the highest common factor of 6 and v.
2
Let v be ((-21)/(-2))/((-30)/(-160)). Calculate the highest common factor of v and 7.
7
Suppose -4*n + 262 = 2*u - 4*u, -197 = -3*n + u. What is the highest common divisor of n and 44?
22
Suppose 4*c + 3*l = 18, 4*c - 3*l + 5*l = 20. Let h be 0 - -1*2*1. Let f be (4/h)/(1/3). What is the greatest common factor of f and c?
6
Suppose -4*b - 18 = 5*k - 3*k, -5*k - 3 = -4*b. Let x = 16 - k. Calculate the highest common factor of 209 and x.
19
Let a(c) = -3*c**3 + c**2 - 5*c - 3. Let l be a(-4). Calculate the greatest common factor of l and 25.
25
Let q be 2/(-4) - (-2)/4. Suppose l + q*l = 102. Suppose 0 = -3*d + l + 114. Calculate the highest common divisor of 9 and d.
9
Let g be 1 - (-2 - 0) - 2. Let r = -8 - g. Let y(p) = -p + 1. Let n be y(r). Calculate the greatest common divisor of n and 10.
10
Let t(x) = 29*x + 2. Let s be 2 - (-2 + 2)/(-2). Let z(w) = w**3 - 2*w**2 + w. Let j be z(s). Let q be t(j). Calculate the greatest common divisor of q and 24.
12
Let x = 12 + 3. Let t = -10 + x. Calculate the highest common divisor of 15 and t.
5
Let x be 4/18 - 40/18. Let b(o) be the first derivative of -o**4/2 - 4*o**3/3 - o**2 + o - 17. Let w be b(x). What is the greatest common factor of w and 2?
1
Let i be 1/(4 - (1 - (-1870)/625)). Let u be 75*((-4)/6)/(-1). Calculate the highest common factor of i and u.
25
Let m = -2 - -13. Let u = 87 - 10. Wh